{"id":4324,"date":"2019-09-05T19:29:08","date_gmt":"2019-09-05T19:29:08","guid":{"rendered":"https:\/\/www.quintadoscogumelos.com.br\/site\/?page_id=4324"},"modified":"2026-01-21T17:04:19","modified_gmt":"2026-01-21T20:04:19","slug":"cogumelo-em-po-lemon-pepper","status":"publish","type":"page","link":"https:\/\/www.quintadoscogumelos.com.br\/site\/cogumelo-em-po-lemon-pepper\/","title":{"rendered":"Cogumelo em P\u00f3 Lemon Pepper"},"content":{"rendered":"<p>[vc_row][vc_column][vc_single_image image=&#8221;4325&#8243; img_size=&#8221;full&#8221; alignment=&#8221;center&#8221; style=&#8221;vc_box_rounded&#8221;][vc_tta_tabs][vc_tta_section title=&#8221;Cogumelo em P\u00f3 Lemon Pepper&#8221; tab_id=&#8221;cogumelo-em-po-lemon-pepper&#8221;][vc_column_text]<\/p>\n<p style=\"text-align: justify;\">P\u00f3 de Cogumelos temperado com Lemon Pepper \u2013 Um mix exclusivo da Quinta dos Cogumelos\u00ae para trazer mais sabor e mais nutrientes no seu dia a dia!<\/p>\n<p style=\"text-align: justify;\">Lemon pepper \u00e9 \u00e0 base de lim\u00e3o e pimenta. A mistura com o Cogumelo em p\u00f3 ganha um sabor incr\u00edvel e \u00fanico. \u00c9 c\u00edtrico e picante ao mesmo tempo.<\/p>\n<p style=\"text-align: justify;\">O cogumelo em p\u00f3 \u00e9 muito rico em sabor e nutrientes. As ervas e especiarias tamb\u00e9m s\u00e3o fontes de vitaminas, prote\u00ednas, com v\u00e1rios benef\u00edcios para a sa\u00fade.<br \/>\nUm mix saboroso e nutritivo!<\/p>\n<h4>Como utilizar:<\/h4>\n<p style=\"text-align: justify;\">Especial para carnes brancas como aves e peixes, al\u00e9m de um toque especial em saladas, vegetais cozidos, em petiscos \u00e0 base de queijos.<br \/>\n\u00d3timo para marinadas, basta acrescentar azeite.<\/p>\n<p>[\/vc_column_text][vc_column_text]<\/p>\n<ul style=\"font-size: 18px;\">\n<li><strong>100% natural;<\/strong><\/li>\n<li><strong>N\u00e3o cont\u00e9m gl\u00faten;<\/strong><\/li>\n<li><strong>Sem glutamato.<\/strong><\/li>\n<\/ul>\n<p>[\/vc_column_text][vc_column_text]<\/p>\n<h4>Informa\u00e7\u00f5es do Produto<\/h4>\n<p><strong>Peso l\u00edquido:<\/strong> 92g<br \/>\n<strong>Embalagem:<\/strong> Vidro com tampa pl\u00e1stica.<br \/>\n<strong>Ingredientes:<\/strong> P\u00f3 de cogumelos*, pimenta preta, farelo de milho, cebola, c\u00farcuma, alho, lim\u00e3o em p\u00f3, manjeric\u00e3o, salsa, \u00e1cido c\u00edtrico, sal, maltodextrina e di\u00f3xido de sil\u00edcio (antiumectantes).<br \/>\n*Cogumelos shiitake, shimeji e salm\u00e3o, podendo conter outros de nossa linha de produ\u00e7\u00e3o.).<br \/>\n<strong>Validade:<\/strong> 12 meses<br \/>\n<strong>Conserva\u00e7\u00e3o:<\/strong> Local seco e fresco.<br \/>\n<strong>Informa\u00e7\u00e3o nutricional:<\/strong> Por\u00e7\u00e3o de 5g (1 colher de sopa). Quantidade por por\u00e7\u00e3o, % VD. Valor energ\u00e9tico 3,47 kcal = 14,48 kJ, 0,05%. Carboidratos 0,7g, 0,05%, Prote\u00edna 0,2g, 0,1%, S\u00f3dio 49,3 mg, 1,84% &#8211; N\u00e3o cont\u00e9m quantidades significativas de gorduras.<br \/>\n[\/vc_column_text][vc_btn title=&#8221;COMPRE AQUI&#8221; style=&#8221;custom&#8221; custom_background=&#8221;#b22327&#8243; custom_text=&#8221;#ffffff&#8221; size=&#8221;lg&#8221; align=&#8221;center&#8221; i_icon_fontawesome=&#8221;fa fa-shopping-basket&#8221; button_block=&#8221;true&#8221; add_icon=&#8221;true&#8221; link=&#8221;url:https%3A%2F%2Fquinta-dos-cogumelos.lojaintegrada.com.br%2F||target:%20_blank|&#8221;][\/vc_tta_section][\/vc_tta_tabs][\/vc_column][\/vc_row]<\/p>\n","protected":false},"excerpt":{"rendered":"<p>[vc_row][vc_column][vc_single_image image=&#8221;4325&#8243; img_size=&#8221;full&#8221; alignment=&#8221;center&#8221; style=&#8221;vc_box_rounded&#8221;][vc_tta_tabs][vc_tta_section title=&#8221;Cogumelo em P\u00f3 Lemon Pepper&#8221; tab_id=&#8221;cogumelo-em-po-lemon-pepper&#8221;][vc_column_text] P\u00f3 de Cogumelos temperado com Lemon Pepper \u2013 Um mix exclusivo da Quinta dos Cogumelos\u00ae para trazer mais sabor e mais nutrientes no seu dia a dia! Lemon pepper \u00e9 \u00e0 base de lim\u00e3o e pimenta. A mistura com o Cogumelo em p\u00f3 ganha[&#8230;]<\/p>\n","protected":false},"author":1,"featured_media":0,"parent":0,"menu_order":0,"comment_status":"closed","ping_status":"closed","template":"","meta":{"footnotes":"","_joinchat":[]},"aioseo_notices":[],"_links":{"self":[{"href":"https:\/\/www.quintadoscogumelos.com.br\/site\/wp-json\/wp\/v2\/pages\/4324"}],"collection":[{"href":"https:\/\/www.quintadoscogumelos.com.br\/site\/wp-json\/wp\/v2\/pages"}],"about":[{"href":"https:\/\/www.quintadoscogumelos.com.br\/site\/wp-json\/wp\/v2\/types\/page"}],"author":[{"embeddable":true,"href":"https:\/\/www.quintadoscogumelos.com.br\/site\/wp-json\/wp\/v2\/users\/1"}],"replies":[{"embeddable":true,"href":"https:\/\/www.quintadoscogumelos.com.br\/site\/wp-json\/wp\/v2\/comments?post=4324"}],"version-history":[{"count":6,"href":"https:\/\/www.quintadoscogumelos.com.br\/site\/wp-json\/wp\/v2\/pages\/4324\/revisions"}],"predecessor-version":[{"id":4772,"href":"https:\/\/www.quintadoscogumelos.com.br\/site\/wp-json\/wp\/v2\/pages\/4324\/revisions\/4772"}],"wp:attachment":[{"href":"https:\/\/www.quintadoscogumelos.com.br\/site\/wp-json\/wp\/v2\/media?parent=4324"}],"curies":[{"name":"wp","href":"https:\/\/api.w.org\/{rel}","templated":true}]}}