{"id":4211,"date":"2019-08-28T14:10:53","date_gmt":"2019-08-28T14:10:53","guid":{"rendered":"https:\/\/www.quintadoscogumelos.com.br\/site\/?page_id=4211"},"modified":"2026-01-21T17:06:23","modified_gmt":"2026-01-21T20:06:23","slug":"risoto-pronto","status":"publish","type":"page","link":"https:\/\/www.quintadoscogumelos.com.br\/site\/risoto-pronto\/","title":{"rendered":"Risoto Pronto"},"content":{"rendered":"<p>[vc_row][vc_column][vc_single_image image=&#8221;4408&#8243; img_size=&#8221;full&#8221; alignment=&#8221;center&#8221; style=&#8221;vc_box_rounded&#8221;][\/vc_column][\/vc_row][vc_row][vc_column][vc_tta_tabs][vc_tta_section title=&#8221;Risoto Pronto&#8221; tab_id=&#8221;risoto-pronto&#8221;][vc_column_text]<\/p>\n<p style=\"text-align: justify;\">N\u00f3s pesquisamos, desenvolvemos e cultivamos o que h\u00e1 de melhor na produ\u00e7\u00e3o de cogumelos, ent\u00e3o para facilitar o seu dia-a-dia e acrescentar mais sabor e sa\u00fade na sua refei\u00e7\u00e3o, desenvolvemos um risoto especial, muito f\u00e1cil e r\u00e1pido para preparar.<br \/>\nBasta adicionar \u00e1gua e cozinhar por alguns minutos.<\/p>\n<p>Nossos risotos s\u00e3o preparados com cogumelos secos fatiados e em p\u00f3, e todos os temperos do caldo, n\u00e3o necessitando de mais temperos nem prepara\u00e7\u00e3o pr\u00e9via do caldo.<\/p>\n<p>Ficam prontos em menos de 20 minutos e servem de 3 a 4 pessoas.<\/p>\n<p>Excelente para uma refei\u00e7\u00e3o r\u00e1pida ou para atender a ocasi\u00f5es especiais<\/p>\n<ul>\n<li>Para um preparo simples basta \u00e1gua quente.<\/li>\n<li>Para um preparo mais completo, cremoso, basta um azeite ou manteiga, um vinho ou cacha\u00e7a s\u00e3o bem-vindos mas opcionais, e uma finaliza\u00e7\u00e3o com manteiga e queijo.<\/li>\n<li>Se preparo vegetariano esses ingredientes podem ser substitu\u00eddos.<\/li>\n<\/ul>\n<p><span style=\"font-size: 10pt;\">Dispon\u00edveis nas variedades Shiitake, Shimeji e Mix (shiitake, shimeji e salm\u00e3o).<\/span>[\/vc_column_text][vc_column_text]<\/p>\n<h4>Informa\u00e7\u00f5es do Produto<\/h4>\n<p><strong>Peso l\u00edquido:<\/strong> 245g<br \/>\n<strong>Embalagem:<\/strong> Saquinhos PP (1 selado + 1 externo).<br \/>\n<strong>Validade:<\/strong> 12 meses a partir da fabrica\u00e7\u00e3o.<br \/>\n<strong>Conserva\u00e7\u00e3o:<\/strong> Local seco e fresco.<br \/>\n<strong>Informa\u00e7\u00e3o nutricional:<\/strong> Por\u00e7\u00e3o de 100g. Quantidade por por\u00e7\u00e3o, % VD*. Valor energ\u00e9tico 340 kcal = 1422 kJ, 18%. Carboidratos 85,4g, 28%, Prote\u00edna 8,3g, 11%, Fibra 0,8g, 3,6%, S\u00f3dio 800mg (2g de sal), 40% &#8211; N\u00e3o cont\u00e9m quantidades significativas de gorduras. N\u00e3o cont\u00e9m gl\u00faten.<br \/>\n[\/vc_column_text][vc_row_inner][vc_column_inner width=&#8221;1\/3&#8243;][vc_custom_heading text=&#8221;Risoto Shiitake&#8221; font_container=&#8221;tag:h4|font_size:25px|text_align:center&#8221; use_theme_fonts=&#8221;yes&#8221;][vc_custom_heading text=&#8221;Com cogumelos shiitake e p\u00f3 de shiitake.&#8221; font_container=&#8221;tag:p|font_size:14px|text_align:center&#8221; use_theme_fonts=&#8221;yes&#8221;][vc_separator][vc_single_image image=&#8221;4240&#8243; img_size=&#8221;full&#8221; alignment=&#8221;center&#8221; style=&#8221;vc_box_rounded&#8221;][vc_btn title=&#8221;COMPRAR&#8221; style=&#8221;custom&#8221; custom_background=&#8221;#b22327&#8243; custom_text=&#8221;#ffffff&#8221; align=&#8221;center&#8221; i_icon_fontawesome=&#8221;fa fa-shopping-basket&#8221; add_icon=&#8221;true&#8221; link=&#8221;url:https%3A%2F%2Fquinta-dos-cogumelos.lojaintegrada.com.br%2F||target:%20_blank|&#8221;][\/vc_column_inner][vc_column_inner width=&#8221;1\/3&#8243;][vc_custom_heading text=&#8221;Risoto Shimeji&#8221; font_container=&#8221;tag:h4|font_size:25px|text_align:center&#8221; use_theme_fonts=&#8221;yes&#8221;][vc_custom_heading text=&#8221;Com cogumelos shimeji e p\u00f3 de shimeji.&#8221; font_container=&#8221;tag:p|font_size:14px|text_align:center&#8221; use_theme_fonts=&#8221;yes&#8221;][vc_separator][vc_single_image image=&#8221;4241&#8243; img_size=&#8221;full&#8221; alignment=&#8221;center&#8221; style=&#8221;vc_box_rounded&#8221;][vc_btn title=&#8221;COMPRAR&#8221; style=&#8221;custom&#8221; custom_background=&#8221;#b22327&#8243; custom_text=&#8221;#ffffff&#8221; align=&#8221;center&#8221; i_icon_fontawesome=&#8221;fa fa-shopping-basket&#8221; add_icon=&#8221;true&#8221; link=&#8221;url:https%3A%2F%2Fquinta-dos-cogumelos.lojaintegrada.com.br%2F||target:%20_blank|&#8221;][\/vc_column_inner][vc_column_inner width=&#8221;1\/3&#8243;][vc_custom_heading text=&#8221;Risoto Mix&#8221; font_container=&#8221;tag:h4|font_size:25px|text_align:center&#8221; use_theme_fonts=&#8221;yes&#8221;][vc_custom_heading text=&#8221;Com mix de cogumelos shiitake, shimeji e p\u00f3 mix.<br \/>\n&#8221; font_container=&#8221;tag:p|font_size:14px|text_align:center&#8221; use_theme_fonts=&#8221;yes&#8221;][vc_separator][vc_single_image image=&#8221;4238&#8243; img_size=&#8221;full&#8221; alignment=&#8221;center&#8221; style=&#8221;vc_box_rounded&#8221;][vc_btn title=&#8221;COMPRAR&#8221; style=&#8221;custom&#8221; custom_background=&#8221;#b22327&#8243; custom_text=&#8221;#ffffff&#8221; align=&#8221;center&#8221; i_icon_fontawesome=&#8221;fa fa-shopping-basket&#8221; add_icon=&#8221;true&#8221; link=&#8221;url:https%3A%2F%2Fquinta-dos-cogumelos.lojaintegrada.com.br%2F||target:%20_blank|&#8221;][\/vc_column_inner][\/vc_row_inner][\/vc_tta_section][\/vc_tta_tabs][\/vc_column][\/vc_row]<\/p>\n","protected":false},"excerpt":{"rendered":"<p>[vc_row][vc_column][vc_single_image image=&#8221;4408&#8243; img_size=&#8221;full&#8221; alignment=&#8221;center&#8221; style=&#8221;vc_box_rounded&#8221;][\/vc_column][\/vc_row][vc_row][vc_column][vc_tta_tabs][vc_tta_section title=&#8221;Risoto Pronto&#8221; tab_id=&#8221;risoto-pronto&#8221;][vc_column_text] N\u00f3s pesquisamos, desenvolvemos e cultivamos o que h\u00e1 de melhor na produ\u00e7\u00e3o de cogumelos, ent\u00e3o para facilitar o seu dia-a-dia e acrescentar mais sabor e sa\u00fade na sua refei\u00e7\u00e3o, desenvolvemos um risoto especial, muito f\u00e1cil e r\u00e1pido para preparar. Basta adicionar \u00e1gua e cozinhar por alguns minutos.[&#8230;]<\/p>\n","protected":false},"author":1,"featured_media":0,"parent":0,"menu_order":0,"comment_status":"closed","ping_status":"closed","template":"","meta":{"footnotes":"","_joinchat":[]},"aioseo_notices":[],"_links":{"self":[{"href":"https:\/\/www.quintadoscogumelos.com.br\/site\/wp-json\/wp\/v2\/pages\/4211"}],"collection":[{"href":"https:\/\/www.quintadoscogumelos.com.br\/site\/wp-json\/wp\/v2\/pages"}],"about":[{"href":"https:\/\/www.quintadoscogumelos.com.br\/site\/wp-json\/wp\/v2\/types\/page"}],"author":[{"embeddable":true,"href":"https:\/\/www.quintadoscogumelos.com.br\/site\/wp-json\/wp\/v2\/users\/1"}],"replies":[{"embeddable":true,"href":"https:\/\/www.quintadoscogumelos.com.br\/site\/wp-json\/wp\/v2\/comments?post=4211"}],"version-history":[{"count":5,"href":"https:\/\/www.quintadoscogumelos.com.br\/site\/wp-json\/wp\/v2\/pages\/4211\/revisions"}],"predecessor-version":[{"id":4774,"href":"https:\/\/www.quintadoscogumelos.com.br\/site\/wp-json\/wp\/v2\/pages\/4211\/revisions\/4774"}],"wp:attachment":[{"href":"https:\/\/www.quintadoscogumelos.com.br\/site\/wp-json\/wp\/v2\/media?parent=4211"}],"curies":[{"name":"wp","href":"https:\/\/api.w.org\/{rel}","templated":true}]}}